{"id":1379,"date":"2017-11-18T20:17:08","date_gmt":"2017-11-18T20:17:08","guid":{"rendered":"http:\/\/biblian.is\/1981\/fyrsta-mosebok-33-kafli\/"},"modified":"2017-11-18T20:17:08","modified_gmt":"2017-11-18T20:17:08","slug":"fyrsta-mosebok-33-kafli","status":"publish","type":"page","link":"https:\/\/biblian.is\/1981\/fyrsta-mosebok-33-kafli\/","title":{"rendered":"Fyrsta M\u00f3seb\u00f3k 33. kafli"},"content":{"rendered":"<p><a name=\"1\"><span class=\"versanumer\">1<\/span><\/a>Jakob h\u00f3f upp augu s\u00edn og s\u00e1 Esa\u00fa koma og me\u00f0 honum fj\u00f6gur hundru\u00f0 manns. Skipti hann \u00fe\u00e1 b\u00f6rnunum ni\u00f0ur \u00e1 Leu og Rakel og b\u00e1\u00f0ar amb\u00e1ttirnar.<a name=\"2\"><span class=\"versanumer\">2<\/span><\/a>Og hann l\u00e9t amb\u00e1ttirnar og \u00feeirra b\u00f6rn vera fremst, \u00fe\u00e1 Leu og hennar b\u00f6rn, og Rakel og J\u00f3sef aftast.<a name=\"3\"><span class=\"versanumer\">3<\/span><\/a>En sj\u00e1lfur gekk hann \u00e1 undan \u00feeim og laut sj\u00f6 sinnum til jar\u00f0ar, uns hann kom fast a\u00f0 br\u00f3\u00f0ur s\u00ednum.<a name=\"4\"><span class=\"versanumer\">4<\/span><\/a>\u00de\u00e1 hlj\u00f3p Esa\u00fa \u00e1 m\u00f3ti honum og fa\u00f0ma\u00f0i hann, lag\u00f0i hendur um h\u00e1ls honum og kyssti hann, og \u00feeir gr\u00e9tu.<a name=\"5\"><span class=\"versanumer\">5<\/span><\/a>Og Esa\u00fa leit upp og s\u00e1 konurnar og b\u00f6rnin og m\u00e6lti: Hvernig stendur \u00e1 \u00feessu f\u00f3lki, sem me\u00f0 \u00fe\u00e9r er? Og hann svara\u00f0i: \u00dea\u00f0 eru b\u00f6rnin, sem Gu\u00f0 hefir af n\u00e1\u00f0 sinni gefi\u00f0 \u00fej\u00f3ni \u00fe\u00ednum.<a name=\"6\"><span class=\"versanumer\">6<\/span><\/a>\u00de\u00e1 gengu fram amb\u00e1ttirnar og b\u00f6rn \u00feeirra og hneig\u00f0u sig.<a name=\"7\"><span class=\"versanumer\">7<\/span><\/a>\u00de\u00e1 gekk og Lea fram og b\u00f6rn hennar og hneig\u00f0u sig, og s\u00ed\u00f0an gengu J\u00f3sef og Rakel fram og hneig\u00f0u sig.<a name=\"8\"><span class=\"versanumer\">8<\/span><\/a>Esa\u00fa m\u00e6lti: Hva\u00f0 skal allur \u00feessi h\u00f3pur, sem \u00e9g m\u00e6tti? Jakob svara\u00f0i: A\u00f0 \u00e9g megi finna n\u00e1\u00f0 \u00ed augum herra m\u00edns.<a name=\"9\"><span class=\"versanumer\">9<\/span><\/a>\u00de\u00e1 m\u00e6lti Esa\u00fa: \u00c9g \u00e1 n\u00f3g. Eig \u00fe\u00fa \u00feitt, br\u00f3\u00f0ir minn!<a name=\"10\"><span class=\"versanumer\">10<\/span><\/a>En Jakob sag\u00f0i: Eigi svo. Hafi \u00e9g fundi\u00f0 n\u00e1\u00f0 \u00ed augum \u00fe\u00ednum, \u00fe\u00e1 \u00feigg \u00fe\u00fa gj\u00f6fina af m\u00e9r, \u00fev\u00ed a\u00f0 \u00feegar \u00e9g s\u00e1 auglit \u00feitt, var sem \u00e9g s\u00e6i Gu\u00f0s auglit, og \u00fe\u00fa t\u00f3kst n\u00e1\u00f0arsamlega \u00e1 m\u00f3ti m\u00e9r.<a name=\"11\"><span class=\"versanumer\">11<\/span><\/a>\u00c9g bi\u00f0 \u00feig, a\u00f0 \u00fe\u00fa \u00feiggir gj\u00f6f m\u00edna, sem \u00fe\u00e9r var f\u00e6r\u00f0, \u00fev\u00ed a\u00f0 Gu\u00f0 hefir veri\u00f0 m\u00e9r n\u00e1\u00f0ugur og \u00e9g hefi allsn\u00e6gtir. Og hann lag\u00f0i a\u00f0 honum, svo a\u00f0 hann \u00fe\u00e1 gj\u00f6fina.<a name=\"12\"><span class=\"versanumer\">12<\/span><\/a>\u00de\u00e1 m\u00e6lti Esa\u00fa: T\u00f6kum okkur n\u00fa upp og h\u00f6ldum \u00e1fram, og skal \u00e9g fara \u00e1 undan \u00fe\u00e9r.<a name=\"13\"><span class=\"versanumer\">13<\/span><\/a>En hann svara\u00f0i honum: \u00de\u00fa s\u00e9r, herra minn, a\u00f0 b\u00f6rnin eru \u00fer\u00f3ttl\u00edtil og a\u00f0 \u00ed fer\u00f0inni eru lamb\u00e6r og k\u00fdr me\u00f0 k\u00e1lfum, og r\u00e6ki \u00e9g \u00fe\u00e6r of hart einn dag, \u00fe\u00e1 mundi \u00f6ll hj\u00f6r\u00f0in drepast.<a name=\"14\"><span class=\"versanumer\">14<\/span><\/a>Fari herra minn \u00e1 undan \u00fej\u00f3ni s\u00ednum, en \u00e9g mun halda \u00e1 eftir \u00ed h\u00e6g\u00f0um m\u00ednum, eins og f\u00e9na\u00f0urinn getur fari\u00f0, sem \u00e9g rek, og eins og b\u00f6rnin geta fari\u00f0, uns \u00e9g kem til herra m\u00edns \u00ed Se\u00edr.<a name=\"15\"><span class=\"versanumer\">15<\/span><\/a>\u00de\u00e1 m\u00e6lti Esa\u00fa: \u00de\u00e1 vil \u00e9g \u00fe\u00f3 l\u00e1ta eftir hj\u00e1 \u00fe\u00e9r nokkra af \u00feeim m\u00f6nnum, sem me\u00f0 m\u00e9r eru. Hann svara\u00f0i: Hver \u00fe\u00f6rf er \u00e1 \u00fev\u00ed? L\u00e1t mig a\u00f0eins finna n\u00e1\u00f0 fyrir augum herra m\u00edns.<a name=\"16\"><span class=\"versanumer\">16<\/span><\/a>S\u00ed\u00f0an f\u00f3r Esa\u00fa \u00feann sama dag lei\u00f0ar sinnar heim aftur til Se\u00edr.<a name=\"17\"><span class=\"versanumer\">17<\/span><\/a>Og Jakob h\u00e9lt \u00e1fram til S\u00fakk\u00f3t og bygg\u00f0i s\u00e9r h\u00fas, og handa f\u00e9na\u00f0i s\u00ednum gj\u00f6r\u00f0i hann laufsk\u00e1la. Fyrir \u00fev\u00ed heitir sta\u00f0urinn S\u00fakk\u00f3t.<a name=\"18\"><span class=\"versanumer\">18<\/span><\/a>Jakob kom heill \u00e1 h\u00f3fi til S\u00edkemborgar, sem er \u00ed Kanaanlandi, er hann kom fr\u00e1 Mes\u00f3p\u00f3tam\u00edu, og hann sl\u00f3 tj\u00f6ldum fyrir utan borgina.<a name=\"19\"><span class=\"versanumer\">19<\/span><\/a>Hann keypti landspilduna, sem hann haf\u00f0i tjalda\u00f0 \u00e1, af sonum Hemors, f\u00f6\u00f0ur S\u00edkems, fyrir hundra\u00f0 silfurpeninga.<a name=\"20\"><span class=\"versanumer\">20<\/span><\/a>Og hann reisti \u00fear altari og kalla\u00f0i \u00fea\u00f0 El-el\u00f3he-\u00cdsrael.<\/p>\n<div class=\"footnote1981\"><b>33.1-17<\/b> Jakob og Esa\u00fa s\u00e6ttast Okv 16.7<br \/>\n<b>33.10<\/b> \u00deigg\u00f0u gj\u00f6fina 1M\u00f3s 32.13<br \/>\n<b>33.19<\/b> Akurinn 1M\u00f3s 48.22; J\u00f3s 24.32; J\u00f3h 4.5<\/div>\n","protected":false},"excerpt":{"rendered":"<p>1Jakob h\u00f3f upp augu s\u00edn og s\u00e1 Esa\u00fa koma og me\u00f0 honum fj\u00f6gur hundru\u00f0 manns. Skipti hann \u00fe\u00e1 b\u00f6rnunum ni\u00f0ur \u00e1 Leu og Rakel og b\u00e1\u00f0ar amb\u00e1ttirnar.2Og hann l\u00e9t amb\u00e1ttirnar og \u00feeirra b\u00f6rn vera fremst, \u00fe\u00e1 Leu og hennar b\u00f6rn, og Rakel og J\u00f3sef aftast.3En sj\u00e1lfur gekk hann \u00e1 undan \u00feeim og laut sj\u00f6 sinnum til jar\u00f0ar, uns hann kom fast a\u00f0 br\u00f3\u00f0ur s\u00ednum.4\u00de\u00e1 hlj\u00f3p Esa\u00fa \u00e1 m\u00f3ti honum og fa\u00f0ma\u00f0i hann, lag\u00f0i hendur um h\u00e1ls honum og kyssti hann, og \u00feeir gr\u00e9tu.5Og Esa\u00fa leit upp og s\u00e1 konurnar og b\u00f6rnin og m\u00e6lti: Hvernig stendur \u00e1 \u00feessu f\u00f3lki, sem me\u00f0 <a href=\"https:\/\/biblian.is\/1981\/fyrsta-mosebok-33-kafli\/\"> [&#8230;]<\/a><\/p>\n","protected":false},"author":1,"featured_media":0,"parent":0,"menu_order":0,"comment_status":"open","ping_status":"open","template":"bibliukaflar.php","meta":{"footnotes":""},"class_list":["post-1379","page","type-page","status-publish","hentry"],"_links":{"self":[{"href":"https:\/\/biblian.is\/1981\/wp-json\/wp\/v2\/pages\/1379","targetHints":{"allow":["GET"]}}],"collection":[{"href":"https:\/\/biblian.is\/1981\/wp-json\/wp\/v2\/pages"}],"about":[{"href":"https:\/\/biblian.is\/1981\/wp-json\/wp\/v2\/types\/page"}],"author":[{"embeddable":true,"href":"https:\/\/biblian.is\/1981\/wp-json\/wp\/v2\/users\/1"}],"replies":[{"embeddable":true,"href":"https:\/\/biblian.is\/1981\/wp-json\/wp\/v2\/comments?post=1379"}],"version-history":[{"count":0,"href":"https:\/\/biblian.is\/1981\/wp-json\/wp\/v2\/pages\/1379\/revisions"}],"wp:attachment":[{"href":"https:\/\/biblian.is\/1981\/wp-json\/wp\/v2\/media?parent=1379"}],"curies":[{"name":"wp","href":"https:\/\/api.w.org\/{rel}","templated":true}]}}

Fyrsta Mósebók 33. kafli

<p><a name="1"><span class="versanumer">1</span></a>Jakob hóf upp augu sín og sá Esaú koma og með honum fjögur hundruð manns. Skipti hann þá börnunum niður á Leu og Rakel og báðar ambáttirnar.<a name="2"><span class="versanumer">2</span></a>Og hann lét ambáttirnar og þeirra börn vera fremst, þá Leu og hennar börn, og Rakel og Jósef aftast.<a name="3"><span class="versanumer">3</span></a>En sjálfur gekk hann á undan þeim og laut sjö sinnum til jarðar, uns hann kom fast að bróður sínum.<a name="4"><span class="versanumer">4</span></a>Þá hljóp Esaú á móti honum og faðmaði hann, lagði hendur um háls honum og kyssti hann, og þeir grétu.<a name="5"><span class="versanumer">5</span></a>Og Esaú leit upp og sá konurnar og börnin og mælti: Hvernig stendur á þessu fólki, sem með þér er? Og hann svaraði: Það eru börnin, sem Guð hefir af náð sinni gefið þjóni þínum.<a name="6"><span class="versanumer">6</span></a>Þá gengu fram ambáttirnar og börn þeirra og hneigðu sig.<a name="7"><span class="versanumer">7</span></a>Þá gekk og Lea fram og börn hennar og hneigðu sig, og síðan gengu Jósef og Rakel fram og hneigðu sig.<a name="8"><span class="versanumer">8</span></a>Esaú mælti: Hvað skal allur þessi hópur, sem ég mætti? Jakob svaraði: Að ég megi finna náð í augum herra míns.<a name="9"><span class="versanumer">9</span></a>Þá mælti Esaú: Ég á nóg. Eig þú þitt, bróðir minn!<a name="10"><span class="versanumer">10</span></a>En Jakob sagði: Eigi svo. Hafi ég fundið náð í augum þínum, þá þigg þú gjöfina af mér, því að þegar ég sá auglit þitt, var sem ég sæi Guðs auglit, og þú tókst náðarsamlega á móti mér.<a name="11"><span class="versanumer">11</span></a>Ég bið þig, að þú þiggir gjöf mína, sem þér var færð, því að Guð hefir verið mér náðugur og ég hefi allsnægtir. Og hann lagði að honum, svo að hann þá gjöfina.<a name="12"><span class="versanumer">12</span></a>Þá mælti Esaú: Tökum okkur nú upp og höldum áfram, og skal ég fara á undan þér.<a name="13"><span class="versanumer">13</span></a>En hann svaraði honum: Þú sér, herra minn, að börnin eru þróttlítil og að í ferðinni eru lambær og kýr með kálfum, og ræki ég þær of hart einn dag, þá mundi öll hjörðin drepast.<a name="14"><span class="versanumer">14</span></a>Fari herra minn á undan þjóni sínum, en ég mun halda á eftir í hægðum mínum, eins og fénaðurinn getur farið, sem ég rek, og eins og börnin geta farið, uns ég kem til herra míns í Seír.<a name="15"><span class="versanumer">15</span></a>Þá mælti Esaú: Þá vil ég þó láta eftir hjá þér nokkra af þeim mönnum, sem með mér eru. Hann svaraði: Hver þörf er á því? Lát mig aðeins finna náð fyrir augum herra míns.<a name="16"><span class="versanumer">16</span></a>Síðan fór Esaú þann sama dag leiðar sinnar heim aftur til Seír.<a name="17"><span class="versanumer">17</span></a>Og Jakob hélt áfram til Súkkót og byggði sér hús, og handa fénaði sínum gjörði hann laufskála. Fyrir því heitir staðurinn Súkkót.<a name="18"><span class="versanumer">18</span></a>Jakob kom heill á hófi til Síkemborgar, sem er í Kanaanlandi, er hann kom frá Mesópótamíu, og hann sló tjöldum fyrir utan borgina.<a name="19"><span class="versanumer">19</span></a>Hann keypti landspilduna, sem hann hafði tjaldað á, af sonum Hemors, föður Síkems, fyrir hundrað silfurpeninga.<a name="20"><span class="versanumer">20</span></a>Og hann reisti þar altari og kallaði það El-elóhe-Ísrael.</p>
<div class="footnote1981"><b>33.1-17</b> Jakob og Esaú sættast Okv 16.7<br />
<b>33.10</b> Þiggðu gjöfina 1Mós 32.13<br />
<b>33.19</b> Akurinn 1Mós 48.22; Jós 24.32; Jóh 4.5</div>

<p>1Jakob hóf upp augu sín og sá Esaú koma og með honum fjögur hundruð manns. Skipti hann þá börnunum niður á Leu og Rakel og báðar ambáttirnar.2Og hann lét ambáttirnar og þeirra börn vera fremst, þá Leu og hennar börn, og Rakel og Jósef aftast.3En sjálfur gekk hann á undan þeim og laut sjö sinnum til jarðar, uns hann kom fast að bróður sínum.4Þá hljóp Esaú á móti honum og faðmaði hann, lagði hendur um háls honum og kyssti hann, og þeir grétu.5Og Esaú leit upp og sá konurnar og börnin og mælti: Hvernig stendur á þessu fólki, sem með <a href="https://biblian.is/1981/fyrsta-mosebok-33-kafli/"> [&#8230;]</a></p>
