{"id":1354,"date":"2017-11-18T20:17:04","date_gmt":"2017-11-18T20:17:04","guid":{"rendered":"http:\/\/biblian.is\/1981\/fyrsta-mosebok-8-kafli\/"},"modified":"2021-06-06T11:11:50","modified_gmt":"2021-06-06T11:11:50","slug":"fyrsta-mosebok-8-kafli","status":"publish","type":"page","link":"https:\/\/biblian.is\/1981\/fyrsta-mosebok-8-kafli\/","title":{"rendered":"Fyrsta M\u00f3seb\u00f3k 8. kafli"},"content":{"rendered":"<p><a name=\"1\"><span class=\"versanumer\">1<\/span><\/a>\u00de\u00e1 minntist Gu\u00f0 N\u00f3a og allra d\u00fdranna og alls f\u00e9na\u00f0arins, sem me\u00f0 honum var \u00ed \u00f6rkinni, og Gu\u00f0 l\u00e9t vind bl\u00e1sa yfir j\u00f6r\u00f0ina, svo a\u00f0 vatni\u00f0 sjatna\u00f0i.<a name=\"2\"><span class=\"versanumer\">2<\/span><\/a>Og uppsprettur undirdj\u00fapsins luktust aftur og fl\u00f3\u00f0g\u00e1ttir himinsins, og steypiregninu \u00far loftinu linnti.<a name=\"3\"><span class=\"versanumer\">3<\/span><\/a>Og vatni\u00f0 r\u00e9na\u00f0i meir og meir \u00e1 j\u00f6r\u00f0inni og \u00fevarr eftir hundra\u00f0 og fimmt\u00edu daga.<a name=\"4\"><span class=\"versanumer\">4<\/span><\/a>Og \u00f6rkin nam sta\u00f0ar \u00ed sj\u00f6unda m\u00e1nu\u00f0inum, \u00e1 seytj\u00e1nda degi m\u00e1na\u00f0arins, \u00e1 Araratsfj\u00f6llunum.<a name=\"5\"><span class=\"versanumer\">5<\/span><\/a>Og vatni\u00f0 var a\u00f0 r\u00e9na allt til hins t\u00edunda m\u00e1na\u00f0ar. \u00cd t\u00edunda m\u00e1nu\u00f0inum, \u00e1 fyrsta degi m\u00e1na\u00f0arins, s\u00e1ust fjallatindarnir.<a name=\"6\"><span class=\"versanumer\">6<\/span><\/a>Eftir fj\u00f6rut\u00edu daga lauk N\u00f3i upp glugga arkarinnar, sem hann haf\u00f0i gj\u00f6rt,<a name=\"7\"><span class=\"versanumer\">7<\/span><\/a>og l\u00e9t \u00fat hrafn. Hann flaug fram og aftur, \u00feanga\u00f0 til vatni\u00f0 \u00feorna\u00f0i \u00e1 j\u00f6r\u00f0inni.<a name=\"8\"><span class=\"versanumer\">8<\/span><\/a>\u00de\u00e1 sendi hann \u00fat fr\u00e1 s\u00e9r d\u00fafu til a\u00f0 vita, hvort vatni\u00f0 v\u00e6ri \u00feorri\u00f0 \u00e1 j\u00f6r\u00f0inni.<a name=\"9\"><span class=\"versanumer\">9<\/span><\/a>En d\u00fafan fann ekki hv\u00edldarsta\u00f0 f\u00e6ti s\u00ednum og hvarf til hans aftur \u00ed \u00f6rkina, \u00fev\u00ed a\u00f0 vatn var enn yfir allri j\u00f6r\u00f0inni. Og hann r\u00e9tti \u00fat h\u00f6nd s\u00edna og t\u00f3k hana og f\u00f3r me\u00f0 hana inn til s\u00edn \u00ed \u00f6rkina.<a name=\"10\"><span class=\"versanumer\">10<\/span><\/a>Og hann bei\u00f0 enn a\u00f0ra sj\u00f6 daga og sendi svo d\u00fafuna aftur \u00far \u00f6rkinni.<a name=\"11\"><span class=\"versanumer\">11<\/span><\/a>\u00de\u00e1 kom d\u00fafan til hans aftur undir kveld og var \u00fe\u00e1 me\u00f0 gr\u00e6nt ol\u00eduvi\u00f0arbla\u00f0 \u00ed nefinu. \u00de\u00e1 s\u00e1 N\u00f3i, a\u00f0 vatni\u00f0 var \u00feorri\u00f0 \u00e1 j\u00f6r\u00f0inni.<a name=\"12\"><span class=\"versanumer\">12<\/span><\/a>Og enn bei\u00f0 hann a\u00f0ra sj\u00f6 daga og l\u00e9t \u00fe\u00e1 d\u00fafuna \u00fat, en h\u00fan hvarf ekki framar til hans aftur.<a name=\"13\"><span class=\"versanumer\">13<\/span><\/a>Og \u00e1 sexhundra\u00f0asta og fyrsta \u00e1ri, \u00ed fyrsta m\u00e1nu\u00f0inum, \u00e1 fyrsta degi m\u00e1na\u00f0arins, var vatni\u00f0 \u00feorna\u00f0 \u00e1 j\u00f6r\u00f0inni. Og N\u00f3i t\u00f3k \u00feaki\u00f0 af \u00f6rkinni og lita\u00f0ist um, og var \u00fe\u00e1 yfirbor\u00f0 jar\u00f0arinnar or\u00f0i\u00f0 \u00feurrt.<a name=\"14\"><span class=\"versanumer\">14<\/span><\/a>\u00cd \u00f6\u00f0rum m\u00e1nu\u00f0inum, \u00e1 tuttugasta og sj\u00f6unda degi m\u00e1na\u00f0arins, var j\u00f6r\u00f0in \u00feurr.<a name=\"15\"><span class=\"versanumer\">15<\/span><\/a>\u00de\u00e1 tala\u00f0i Gu\u00f0 vi\u00f0 N\u00f3a og m\u00e6lti:<a name=\"16\"><span class=\"versanumer\">16<\/span><\/a>Gakk \u00fe\u00fa \u00far \u00f6rkinni, \u00fe\u00fa og kona \u00fe\u00edn og synir \u00fe\u00ednir og sonakonur \u00fe\u00ednar me\u00f0 \u00fe\u00e9r.<a name=\"17\"><span class=\"versanumer\">17<\/span><\/a>Og l\u00e1ttu fara \u00fat me\u00f0 \u00fe\u00e9r \u00f6ll d\u00fdr, sem me\u00f0 \u00fe\u00e9r eru, af \u00f6llu holdi, b\u00e6\u00f0i fuglana og f\u00e9na\u00f0inn og \u00f6ll skri\u00f0kvikindin, sem skr\u00ed\u00f0a \u00e1 j\u00f6r\u00f0inni. Ver\u00f0i kr\u00f6kkt af \u00feeim \u00e1 j\u00f6r\u00f0inni, ver\u00f0i \u00feau frj\u00f3s\u00f6m og fj\u00f6lgi \u00e1 j\u00f6r\u00f0inni.<a name=\"18\"><span class=\"versanumer\">18<\/span><\/a>\u00de\u00e1 gekk N\u00f3i \u00fat og synir hans og kona hans og sonakonur hans me\u00f0 honum.<a name=\"19\"><span class=\"versanumer\">19<\/span><\/a>\u00d6ll d\u00fdr, \u00f6ll skri\u00f0kvikindi, allir fuglar, allt, sem b\u00e6rist \u00e1 j\u00f6r\u00f0inni, hva\u00f0 eftir sinni tegund, gekk \u00fat \u00far \u00f6rkinni.<a name=\"20\"><span class=\"versanumer\">20<\/span><\/a>N\u00f3i reisti \u00fe\u00e1 Drottni altari og t\u00f3k af \u00f6llum hreinum d\u00fdrum og hreinum fuglum og f\u00f3rna\u00f0i brennif\u00f3rn \u00e1 altarinu.<a name=\"21\"><span class=\"versanumer\">21<\/span><\/a>Og Drottinn kenndi \u00fe\u00e6gilegan ilm, og Drottinn sag\u00f0i vi\u00f0 sj\u00e1lfan sig: \u00c9g vil upp fr\u00e1 \u00feessu ekki b\u00f6lva j\u00f6r\u00f0inni framar vegna mannsins, \u00fev\u00ed a\u00f0 hugrenningar mannshjartans eru illar fr\u00e1 bernsku hans, og \u00e9g mun upp fr\u00e1 \u00feessu ekki framar dey\u00f0a allt, sem lifir, eins og \u00e9g hefi gj\u00f6rt.<a name=\"22\"><span class=\"versanumer\">22<\/span><\/a>Me\u00f0an j\u00f6r\u00f0in stendur, skal ekki linna s\u00e1ning og uppskera, frost og hiti, sumar og vetur, dagur og n\u00f3tt.<\/p>\n<div class=\"footnote1981\"><b>8.2<\/b> Fl\u00f3\u00f0g\u00e1ttir himins 1M\u00f3s 7.11<br \/>\n<b>8.17<\/b> Ver\u00f0i frj\u00f3s\u00f6m 1M\u00f3s 1.28+<br \/>\n<b>8.20<\/b> Altari 2M\u00f3s 20.24<br \/>\n<b>8.21<\/b> Ekki b\u00f6lva j\u00f6r\u00f0inni sbr 1M\u00f3s 3.17+<br \/>\n<b>8.22<\/b> Ekki linna Jer 31.35-36; 33.20-26; Matt 5.45<\/div>\n","protected":false},"excerpt":{"rendered":"<p>1\u00de\u00e1 minntist Gu\u00f0 N\u00f3a og allra d\u00fdranna og alls f\u00e9na\u00f0arins, sem me\u00f0 honum var \u00ed \u00f6rkinni, og Gu\u00f0 l\u00e9t vind bl\u00e1sa yfir j\u00f6r\u00f0ina, svo a\u00f0 vatni\u00f0 sjatna\u00f0i.2Og uppsprettur undirdj\u00fapsins luktust aftur og fl\u00f3\u00f0g\u00e1ttir himinsins, og steypiregninu \u00far loftinu linnti.3Og vatni\u00f0 r\u00e9na\u00f0i meir og meir \u00e1 j\u00f6r\u00f0inni og \u00fevarr eftir hundra\u00f0 og fimmt\u00edu daga.4Og \u00f6rkin nam sta\u00f0ar \u00ed sj\u00f6unda m\u00e1nu\u00f0inum, \u00e1 seytj\u00e1nda degi m\u00e1na\u00f0arins, \u00e1 Araratsfj\u00f6llunum.5Og vatni\u00f0 var a\u00f0 r\u00e9na allt til hins t\u00edunda m\u00e1na\u00f0ar. \u00cd t\u00edunda m\u00e1nu\u00f0inum, \u00e1 fyrsta degi m\u00e1na\u00f0arins, s\u00e1ust fjallatindarnir.6Eftir fj\u00f6rut\u00edu daga lauk N\u00f3i upp glugga arkarinnar, sem hann haf\u00f0i gj\u00f6rt,7og l\u00e9t \u00fat hrafn. Hann flaug fram <a href=\"https:\/\/biblian.is\/1981\/fyrsta-mosebok-8-kafli\/\"> [&#8230;]<\/a><\/p>\n","protected":false},"author":1,"featured_media":0,"parent":0,"menu_order":0,"comment_status":"closed","ping_status":"closed","template":"bibliukaflar.php","meta":{"footnotes":""},"class_list":["post-1354","page","type-page","status-publish","hentry"],"_links":{"self":[{"href":"https:\/\/biblian.is\/1981\/wp-json\/wp\/v2\/pages\/1354","targetHints":{"allow":["GET"]}}],"collection":[{"href":"https:\/\/biblian.is\/1981\/wp-json\/wp\/v2\/pages"}],"about":[{"href":"https:\/\/biblian.is\/1981\/wp-json\/wp\/v2\/types\/page"}],"author":[{"embeddable":true,"href":"https:\/\/biblian.is\/1981\/wp-json\/wp\/v2\/users\/1"}],"replies":[{"embeddable":true,"href":"https:\/\/biblian.is\/1981\/wp-json\/wp\/v2\/comments?post=1354"}],"version-history":[{"count":0,"href":"https:\/\/biblian.is\/1981\/wp-json\/wp\/v2\/pages\/1354\/revisions"}],"wp:attachment":[{"href":"https:\/\/biblian.is\/1981\/wp-json\/wp\/v2\/media?parent=1354"}],"curies":[{"name":"wp","href":"https:\/\/api.w.org\/{rel}","templated":true}]}}